 t(i).
20
Suppose -75 = -5*b - 25. Let x(q) = 0*q**2 + 4*q - 12*q**2 - 2 + b*q**2. Give x(2).
-2
Let j = -167 - -168. Let d = 1 - -2. Let s(r) = -r**d + 3*r**3 + 0*r**3 - 1. What is s(j)?
1
Let d(p) = 0*p + 191 - 186 + p. Give d(-7).
-2
Let y = -8 + 13. Let a(d) be the third derivative of 6*d**2 + 7/24*d**4 - 7/6*d**3 + 0*d - 1/60*d**5 + 0. Calculate a(y).
3
Let w be (-6)/(-18)*-5*(6 + 0). Let r(j) = -2*j - 21. What is r(w)?
-1
Let v(o) = o**3 + 4*o**2 + 2*o + 4. Suppose -4*x + 2*x + 28 = 0. Suppose -c - c = -x. Let z = c + -10. Give v(z).
7
Let m(y) = 4*y - 37. Let s be m(10). Let j(q) = -q**2 + q - 3. Determine j(s).
-9
Let c(t) = -9*t - 9. Let y(s) be the third derivative of s**4/6 + 2*s**3/3 + s**2. Let f(h) = 3*c(h) + 7*y(h). Suppose 10*j - 6*j = 24. Calculate f(j).
7
Let y(m) = -7*m**2 + 10*m + 12. Let c(i) = 8*i**2 - 11*i - 13. Let n(w) = 6*c(w) + 7*y(w). Suppose -2 = d + 2. Let u be (-51)/(-9) + d/6. What is n(u)?
1
Let v(j) = -j**2 + 53*j + 228. Let h be v(57). Let a(p) = -2 - 3 - p + 9 + 3. Calculate a(h).
7
Let r(t) = -t - 11. Let y(h) = -2*h - 21. Let c(n) = 11*r(n) - 6*y(n). Determine c(16).
21
Let d(u) = -19 - 7*u + 20*u**2 - 6*u + u - 19*u**2. Determine d(14).
9
Let x(q) = q**2 + 1. Suppose -3*r - 71 = -r + i, i + 145 = -4*r. Let j = r + 17. Let p be j/(-11) + 20/110. What is x(p)?
5
Let c = -165 + 245. Suppose -15*l - l - c = 0. Let w(p) be the third derivative of p**4/24 + 2*p**3/3 - p**2. Give w(l).
-1
Let t = 13 - 11. Suppose -3*y + 10 = j, -4 = -t*j + 3*y - 2. Suppose 3*w + 1 = -j*o, -3*o + o = -2*w + 18. Let s(q) = -q**2 + 7*q - 6. What is s(w)?
4
Let h(l) = l**2 + 10*l + 2. Suppose -4*k = n + 23, -n = 6*k - 3*k + 16. What is h(k)?
-19
Suppose -75*o = -72*o - 15. Let a be (-2)/o*55/(-22). Let x(j) = 3*j. Calculate x(a).
3
Let c = -3 - -5. Suppose -3*r = y - 2 - 0, -c*r - 5*y = 16. Let a(d) = r*d + 0*d - 3 + 0 - d. Determine a(3).
0
Let w be 0/(4/(-6)*3). Suppose w = -k - 3*k + 4*n + 16, -5*k - 2*n = 1. Let p(c) = -3*c. Determine p(k).
-3
Let x(l) = -2*l - 1. Suppose 0 = -24*v - 60 + 12. Give x(v).
3
Suppose 0*h = -3*h, 39 = -3*u - 2*h. Let p(n) = n**2 - 6*n + 6. Let o(d) = 2*d**2 - 13*d + 13. Let i(a) = u*p(a) + 6*o(a). Determine i(-1).
-1
Suppose 7 = -2*b - 7. Let u(x) = -2*x - 131. Let k(a) = -2*a - 105. Let z(v) = 5*k(v) - 4*u(v). What is z(b)?
13
Suppose -z - 77 = -82. Let h(f) = -f**2 + 3*f + 14. Calculate h(z).
4
Let w(t) = 4*t**2 + 13*t. Let b(q) = 20*q**2 - 25*q - 1 + 22*q**2 + 20*q**2 - 69*q**2. Let k(z) = 3*b(z) + 5*w(z). Determine k(-10).
-3
Let b(f) be the first derivative of f**4/4 - 4*f**3/3 - 2*f**2 - 2*f - 40. Determine b(5).
3
Let z(o) = -o + 2. Suppose -9*v - 24 = -8*v. Let g be 1 + (-13)/((-52)/v). Calculate z(g).
7
Let r(s) = -3*s - 41. Let x be 1*1/6 + 4532/(-264). Calculate r(x).
10
Let l(i) be the second derivative of -i**5/60 - 5*i**4/24 - i**3/2 - 11*i**2/2 + 12*i. Let k(u) be the first derivative of l(u). What is k(-3)?
3
Let a(l) = -7*l**2 + 79*l**3 - 8 - 19*l**3 - 21*l**3 - 18*l**3 + l - 22*l**3. What is a(-8)?
48
Let r be (10/(-6))/(1/(-3)). Let a(p) = -3*p + 53. Let d(z) = -7*z + 129. Let q(g) = -5*a(g) + 2*d(g). Determine q(r).
-2
Suppose 3*y - 5*t + 1 = -11, 4*y - 4*t = -8. Let h = 10 - 5. Let g(u) = 4*u**2 + u + 5*u - h*u**2 - y + 0*u**2. What is g(5)?
4
Let c(d) = d - 9*d**2 + 1 + 13*d**2 - 8*d**2. Give c(-2).
-17
Let d(j) = -9*j**3 - 32*j**2 - 11*j + 10. Let c(v) = 4*v**3 + 14*v**2 + 5*v - 4. Let t(y) = -7*c(y) - 3*d(y). What is t(-1)?
-1
Let h be 8/((-160)/(-45))*4. Let u(d) = 2*d - 11. Calculate u(h).
7
Let x(v) = v + 2. Let b(a) = a**2 + 4*a - 6. Let d(u) = -b(u) - 2*x(u). Give d(-7).
-5
Let j(t) = -t**3 - 3*t**2 + 4*t - 2. Suppose 367 = 4*o + 87. Suppose 8*a + 98 = 3*a - z, -4*a - 5*z = o. Let i be -8*(3 - a/(-8)). What is j(i)?
-2
Let x(w) = w**2 - w + 1. Let d(t) = 3*t + 14. Let c be d(-6). Let q(y) = y**3 + 5*y**2 - 5*y + 17. Let z(s) = c*x(s) + q(s). Determine z(0).
13
Let q(x) = -3*x + 6. Let s be q(-4). Suppose s*a = 14*a. Let g(f) = -2*f + a*f - 4*f + 2*f. Give g(-4).
16
Let t(d) = -d**3 + 5*d**2 - 7*d + 2. Let o be t(2). Let w(u) = u**3 - u - 21. Determine w(o).
-21
Let s(d) be the first derivative of -6*d - 4/3*d**3 + 2 - 1/4*d**4 - d**2. Let g = 344 - 348. Give s(g).
2
Let w(j) be the third derivative of j**4/12 - j**3/3 - 2*j**2 - 33. Suppose -s + 1 - 2 = 0. Let i = 4 - s. Calculate w(i).
8
Let j be ((-28)/(-12))/7*-9. Let y(q) = q**2 + 4*q + 2. What is y(j)?
-1
Let o(b) = b**2 + 15. Let f be (1 - 0)/(6/126). Let z = 29 - f. Suppose -3*u = -z*u. Give o(u).
15
Let c(x) = -x - 5. Suppose -4*y + 27 = -3*o, 2*y = 6*y + 5*o - 19. Suppose -b = -y*b. Determine c(b).
-5
Let s = -2/1011 - -1015/2022. Let f(g) be the second derivative of s*g**3 - 7/2*g**2 + 0 + 5*g + 1/12*g**4. What is f(-5)?
3
Let j = -1 + 6. Let p(n) = -6*n - 5. Let c(w) = -7*w - 6. Let m(a) = 3*a**2 + 5*a - 6. Let z be m(-3). Let f(q) = z*p(q) - 5*c(q). Give f(j).
-5
Let o(z) = 3*z**3 - 5*z**2 - 2*z - 5. Suppose 4*h + h + 15 = -w, -3*h = 5*w + 31. Let s(f) = f**3 - 2*f**2 - f - 2. Let d(k) = h*o(k) + 5*s(k). Give d(-2).
10
Let a(z) = -z + 8. Let i(v) = v + 11. Let p(b) = -1. Let n(l) = 2*i(l) + 22*p(l). Let g be n(1). Suppose -20 = -g*q + 6*q, 0 = -3*c + 3*q + 30. What is a(c)?
3
Let r(l) be the first derivative of -3*l**2/2 + l + 72. Calculate r(-1).
4
Let b(w) = -w**3 + 11*w**2 + w - 6. Let f(i) = i**3 - 12*i**2 - i + 7. Let u(l) = -6*b(l) - 5*f(l). Calculate u(6).
-5
Let v(p) = -7*p - 2. Suppose 4*t + h - 1 = -4, 3 = 5*t - h. Let z be ((-2)/(-4) - t) + (-111)/(-74). Calculate v(z).
-16
Let f(u) = -19*u - 277. Let l be f(-14). Let m(r) = -r - 11. Calculate m(l).
0
Let k(s) = -3 - 3*s + 376*s**2 - 377*s**2 - s. Let g(o) = -o**3 - 3*o**2 + 5*o + 2. Let v be g(-4). What is k(v)?
1
Let d(o) = 3*o**2 + 6*o + 13. Let u(l) = 4*l**2 + 4*l + 14. Let h(n) = -3*d(n) + 2*u(n). Calculate h(-9).
-2
Let j(b) = -b**3 - 8*b**2 - 5. Suppose -7*x - 8*x = 120. Determine j(x).
-5
Let u be 8/10*(91/(-14) + -1). Let s(v) = -3*v - v + 5 - 3*v - v**2. Calculate s(u).
11
Let t(q) = -3*q**2 - 2*q + 1. Let p(s) = s**3 - 12*s**2 + 27*s + 8. Let a(m) = -p(m) - t(m). What is a(13)?
4
Let c(h) = -3*h**3 + 4 + 4*h**3 - 5*h**2 - 2*h**3 - 3*h. Suppose 5*f + 0*f + 25 = 0. Let b(x) = x**2 + 2*x - 19. Let g be b(f). What is c(g)?
0
Let u(r) = -2*r**2 + 1. Let p(v) = -v**2 + 1. Let k(g) = -6*p(g) + 5*u(g). Give k(-2).
-17
Let q = 10 + -12. Let d be 1/1*(q + 0). Let b(o) = -2*o**3 - 3*o**2 - 2*o - 4. Let h(i) = i - 1. Let j(u) = -b(u) + h(u). Give j(d).
-7
Let f be ((-5)/(-10))/(1/8). Let o(y) = 6*y + f + 3*y**3 + 0*y**3 + 7*y**2 - 2*y**3 - 6. Give o(-6).
-2
Let t(m) = -m**3 + 14*m**2 - 13*m - 3. Let v = -1197 + 1210. Give t(v).
-3
Let r(v) be the third derivative of -v**5/60 - v**4/4 + 2*v**3/3 + 28*v**2. Calculate r(-5).
9
Suppose 7*c = 4*c + 6. Let b be (-2)/5 - (-36)/15. Let w(t) = 2*t**c - 2*t**b - 1 - t**3 - 2*t + 3*t**2 - 2*t**2. Determine w(2).
-9
Let c(p) be the third derivative of p**6/120 - 7*p**5/60 + 7*p**4/24 - 7*p**3/6 + 2*p**2 - 9*p. What is c(6)?
-1
Let f(c) = 9*c - 6*c - 8*c + 4*c. Calculate f(-7).
7
Let k(l) = 2*l + 14. Let d(i) = -i - 7. Let j(s) = -5*d(s) - 2*k(s). Let m(w) = -w**2 - 9*w + 22. Let p be m(-12). Let b be (-64)/14 - (-6)/p. Calculate j(b).
2
Let n(p) be the third derivative of -p**5/60 - p**4/12 - p**3/6 - p**2 - 12*p. Give n(-7).
-36
Let t(w) be the third derivative of w**6/120 - 7*w**3/6 + 3*w**2 - 25. Let q(z) = -z**3 - 5*z**2 - 5*z - 4. Let v be -6*4*(-2)/(-12). Let c be q(v). Give t(c).
-7
Let x(c) = 10*c - 4*c - 5*c. Let u(t) = t + 5. Let f be u(0). Suppose 0 = -0*v - f*v - 10. Give x(v).
-2
Suppose -5*u = -3*y + 48, -u + 0 = y + 8. Let g(k) = -k**2 - 9*k + 8. Give g(u).
8
Let t(u) = -3*u - 10 + 3 - 1. Determine t(7).
-29
Let n(f) be the third derivative of -f**5/60 - f**4/8 - f**3/6 + f**2. Suppose -78 = 38*r - 40. Determine n(r).
1
Let c(s) = 10 + 7*s - 16 - 1 - s**2. Suppose -3*j + 2*j - z = -18, 4*j - 5*z = 81. Let g = -13 + j. Give c(g).
-1
Let r(c) = -c - c - 3*c**2 + 2 + c**2. Suppose 11 = 3*w + 4*s, w - 4*s = 63 - 86. Determine r(w).
-10
Let u(b) = b + 8. Let g(r) = 8*r + 55. Let s(t) = g(t) - 6*u(t). Give s(-10).
-13
Let m(o) = -o**3 + 3*o**2 + 3*o - 6. Let a(n) = 2*n**2 - 3*n + 2. Let l be a(2). 